the remainder when 7802683 is divided by 8363.
4
Calculate the remainder when 406490548 is divided by 79.
77
Calculate the remainder when 23596368 is divided by 72160.
48
Calculate the remainder when 33657189 is divided by 909652.
65
What is the remainder when 1107246 is divided by 151?
114
What is the remainder when 5464 is divided by 1365?
4
Calculate the remainder when 519555 is divided by 193.
192
Calculate the remainder when 2630052 is divided by 3251.
3244
Calculate the remainder when 252496648 is divided by 33541.
0
Calculate the remainder when 1411527557 is divided by 1861.
1860
Calculate the remainder when 8510297 is divided by 72.
41
What is the remainder when 32021 is divided by 738?
287
What is the remainder when 305590 is divided by 1922?
1914
What is the remainder when 1508626 is divided by 8071?
7420
What is the remainder when 1254721 is divided by 604?
213
What is the remainder when 242448 is divided by 2317?
1480
Calculate the remainder when 1007425 is divided by 431.
178
What is the remainder when 5064788 is divided by 2532282?
224
What is the remainder when 9748504 is divided by 404?
388
What is the remainder when 112816 is divided by 2786?
1376
What is the remainder when 3044623 is divided by 1020?
943
What is the remainder when 180320 is divided by 4340?
2380
Calculate the remainder when 4161604 is divided by 41201.
303
Calculate the remainder when 547988 is divided by 33.
23
What is the remainder when 341759 is divided by 287?
229
What is the remainder when 3185650 is divided by 11?
6
What is the remainder when 44933664 is divided by 11233411?
20
Calculate the remainder when 322079 is divided by 1801.
1501
Calculate the remainder when 1554496 is divided by 491.
481
Calculate the remainder when 51124675 is divided by 37.
36
Calculate the remainder when 1761061 is divided by 487.
69
Calculate the remainder when 1064974 is divided by 1272.
310
What is the remainder when 969725 is divided by 292?
285
Calculate the remainder when 29030 is divided by 9664.
38
What is the remainder when 42173 is divided by 10464?
317
Calculate the remainder when 5779915 is divided by 1053.
1051
What is the remainder when 141289474 is divided by 103131?
4
What is the remainder when 8542100 is divided by 54757?
8
What is the remainder when 9729190 is divided by 264?
262
What is the remainder when 185000 is divided by 67?
13
What is the remainder when 1731661 is divided by 55859?
32
Calculate the remainder when 138472596 is divided by 341.
339
Calculate the remainder when 12755577 is divided by 857.
846
Calculate the remainder when 105622 is divided by 421.
372
Calculate the remainder when 154937487 is divided by 3295.
3292
Calculate the remainder when 105913 is divided by 20923.
1298
What is the remainder when 18846200 is divided by 743?
5
What is the remainder when 200858278 is divided by 5?
3
What is the remainder when 650932 is divided by 162730?
12
Calculate the remainder when 231197 is divided by 210.
197
Calculate the remainder when 5560333 is divided by 397159.
107
What is the remainder when 51877941 is divided by 94?
93
Calculate the remainder when 51787259 is divided by 16.
11
Calculate the remainder when 20131633 is divided by 2986.
21
Calculate the remainder when 2213843 is divided by 1391.
762
Calculate the remainder when 26445310 is divided by 2753.
2745
What is the remainder when 18098601 is divided by 297?
15
What is the remainder when 21793 is divided by 4583?
3461
Calculate the remainder when 391270 is divided by 1215.
40
What is the remainder when 14583468 is divided by 266?
18
Calculate the remainder when 536906 is divided by 2065.
6
What is the remainder when 1145079 is divided by 1707?
1389
What is the remainder when 3959139 is divided by 494891?
11
Calculate the remainder when 18777685 is divided by 199761.
151
Calculate the remainder when 15286 is divided by 437.
428
Calculate the remainder when 10175063 is divided by 290716.
3
Calculate the remainder when 3136983 is divided by 209129.
48
Calculate the remainder when 166749 is divided by 60.
9
What is the remainder when 89343191 is divided by 12?
11
Calculate the remainder when 10346322 is divided by 18.
12
Calculate the remainder when 6341377 is divided by 4878.
4855
Calculate the remainder when 1736338 is divided by 6809.
43
Calculate the remainder when 160568 is divided by 471.
428
What is the remainder when 3590 is divided by 3195?
395
Calculate the remainder when 8421695 is divided by 280.
135
What is the remainder when 1546861 is divided by 815?
806
What is the remainder when 1994518 is divided by 2246?
70
What is the remainder when 1084863 is divided by 387?
102
Calculate the remainder when 5930426 is divided by 2965212.
2
What is the remainder when 323302 is divided by 80805?
82
What is the remainder when 177653 is divided by 177619?
34
Calculate the remainder when 13996018 is divided by 12.
10
Calculate the remainder when 1951885 is divided by 487689.
1129
Calculate the remainder when 8929402 is divided by 446465.
102
What is the remainder when 19625881 is divided by 33?
22
Calculate the remainder when 18741 is divided by 340.
41
Calculate the remainder when 515749 is divided by 7317.
3559
What is the remainder when 322521 is divided by 450?
321
What is the remainder when 475904749 is divided by 987?
985
Calculate the remainder when 3695186 is divided by 370.
366
What is the remainder when 875801 is divided by 291827?
320
Calculate the remainder when 2020163 is divided by 722.
7
What is the remainder when 1595927 is divided by 45?
2
Calculate the remainder when 1877150 is divided by 16044.
2
What is the remainder when 100432 is divided by 16?
0
What is the remainder when 115439 is divided by 12040?
7079
What is the remainder when 360504 is divided by 8?
0
What is the remainder when 4074308 is divided by 4074300?
8
Calculate the remainder when 287076 is divided by 6091.
799
What is the remainder when 3574583 is divided by 7265?
203
Calculate the remainder when 737364 is divided by 245776.
36
What is the remainder when 136090839 is divided by 2461?
0
Calculate the remainder when 77186524 is divided by 32.
28
What is the remainder when 1211608 is divided by 1274?
34
Calculate the remainder when 7893502 is divided by 2054.
2034
Calculate the remainder when 318439 is divided by 2801.
1926
What is the remainder when 175445 is divided by 34924?
825
What is the remainder when 14615368 is divided by 1890?
1888
What is the remainder when 147394 is divided by 146051?
1343
Calculate the remainder when 71400303 is divided by 11900048.
15
What is the remainder when 33721260 is divided by 2243?
2241
What is the remainder when 198575 is divided by 920?
775
What is the remainder when 2911368 is divided by 61944?
0
What is the remainder when 277049 is divided by 55312?
489
Calculate the remainder when 212183 is divided by 1088.
23
Calculate the remainder when 2542154 is divided by 1112.
122
Calculate the remainder when 387851 is divided by 815.
726
Calculate the remainder when 1828308 is divided by 151.
0
Calculate the remainder when 48655127 is divided by 1158455.
17
Calculate the remainder when 29171425 is divided by 222.
181
Calculate the remainder when 1649380 is divided by 88.
84
Calculate the remainder when 630946 is divided by 22.
8
Calculate the remainder when 155052 is divided by 153318.
1734
Calculate the remainder when 335440 is divided by 3860.
3480
Calculate the remainder when 10151080 is divided by 70.
30
What is the remainder when 40232 is divided by 20062?
108
What is the remainder when 2964795 is divided by 20?
15
Calculate the remainder when 1831784 is divided by 2625.
2159
Calculate the remainder when 1282364 is divided by 746.
736
Calculate the remainder when 1140181260 is divided by 1649.
1647
What is the remainder when 116908 is divided by 718?
592
Calculate the remainder when 10010 is divided by 100.
10
What is the remainder when 1306669 is divided by 174?
103
What is the remainder when 687906 is divided by 2219?
16
Calculate the remainder when 90641418 is divided by 2385300.
18
Calculate the remainder when 296645 is divided by 4184.
3765
What is the remainder when 37078 is divided by 5053?
1707
What is the remainder when 427563 is divided by 481?
435
Calc